 the prime factors of 68232528?
2, 3, 7, 13, 41, 127
What are the prime factors of 27939237?
3, 9313079
List the prime factors of 55203630.
2, 3, 5, 37, 41, 1213
What are the prime factors of 11319343?
7, 61, 541
List the prime factors of 124246725.
3, 5, 271, 6113
List the prime factors of 29805306.
2, 3, 1447, 3433
List the prime factors of 137535668.
2, 227, 151471
List the prime factors of 404032188.
2, 3, 7, 19, 253153
List the prime factors of 40011548.
2, 10002887
What are the prime factors of 6087189314?
2, 131, 23233547
What are the prime factors of 357248968?
2, 127, 227, 1549
List the prime factors of 316820067.
3, 1033, 102233
What are the prime factors of 2398030?
2, 5, 239803
What are the prime factors of 1633288297?
373, 4378789
What are the prime factors of 26214852?
2, 3, 523, 4177
List the prime factors of 769454770.
2, 5, 7, 179, 61409
What are the prime factors of 83027750?
2, 5, 13, 59, 433
List the prime factors of 872020830.
2, 3, 5, 29067361
What are the prime factors of 4542286269?
3, 29, 52210187
What are the prime factors of 8019780612?
2, 3, 668315051
What are the prime factors of 16583006?
2, 11, 753773
What are the prime factors of 65584780?
2, 5, 887, 3697
List the prime factors of 150073767.
3, 379, 43997
List the prime factors of 18896495.
5, 3779299
What are the prime factors of 133244542?
2, 66622271
List the prime factors of 14030068.
2, 13, 67, 4027
List the prime factors of 4126350793.
4126350793
List the prime factors of 110143834.
2, 1297, 42461
List the prime factors of 313603942.
2, 23, 6817477
What are the prime factors of 44298212?
2, 7, 1582079
What are the prime factors of 181647348?
2, 3, 15137279
What are the prime factors of 284496556?
2, 71124139
List the prime factors of 19319201.
11, 521, 3371
List the prime factors of 37507363.
47, 181, 4409
List the prime factors of 596769267.
3, 2179, 91291
What are the prime factors of 32070567?
3, 61, 173, 1013
List the prime factors of 52473044.
2, 13, 1009097
What are the prime factors of 355754214?
2, 3, 19, 346739
What are the prime factors of 408161211?
3, 17, 19, 281, 1499
List the prime factors of 1406232878.
2, 37, 61, 5107
What are the prime factors of 730013476?
2, 577, 316297
List the prime factors of 2414822.
2, 401, 3011
What are the prime factors of 262700638?
2, 97, 1354127
What are the prime factors of 312449868?
2, 3, 17, 31, 43, 383
List the prime factors of 157323807.
3, 17480423
List the prime factors of 704378084.
2, 1669, 105509
List the prime factors of 450052652.
2, 7, 2296187
What are the prime factors of 39163400?
2, 5, 195817
List the prime factors of 411360447.
3, 29, 137, 34513
List the prime factors of 1063811666.
2, 41, 373, 34781
List the prime factors of 70618009.
7, 11, 917117
What are the prime factors of 165180561?
3, 7, 13, 151, 4007
List the prime factors of 431814922.
2, 7, 11, 1163, 2411
What are the prime factors of 24917561?
24917561
List the prime factors of 64573315.
5, 43, 157, 1913
What are the prime factors of 14889998?
2, 1201, 6199
What are the prime factors of 736259000?
2, 5, 736259
List the prime factors of 7238939494.
2, 691, 1699, 3083
List the prime factors of 2648109451.
13, 29, 7024163
List the prime factors of 4790045241.
3, 727, 81343
What are the prime factors of 205881983?
205881983
What are the prime factors of 279074980?
2, 5, 479, 29131
List the prime factors of 2768566825.
5, 43, 2575411
List the prime factors of 21407560.
2, 5, 47, 59, 193
What are the prime factors of 517852664?
2, 7, 173, 53453
What are the prime factors of 278686986?
2, 3, 46447831
List the prime factors of 76147532.
2, 31, 614093
What are the prime factors of 36438236?
2, 241, 37799
What are the prime factors of 1415746390?
2, 5, 71, 449, 4441
What are the prime factors of 37090585?
5, 7, 317, 3343
List the prime factors of 90116066.
2, 431, 104543
What are the prime factors of 93402074?
2, 59, 791543
List the prime factors of 140557167.
3, 1327, 3923
What are the prime factors of 742982564?
2, 67, 761, 3643
What are the prime factors of 146552732?
2, 2423, 15121
List the prime factors of 107535996.
2, 3, 59, 197, 257
What are the prime factors of 75674077?
6379, 11863
What are the prime factors of 178417384?
2, 197, 113209
What are the prime factors of 6424051?
29, 37, 5987
What are the prime factors of 351311630?
2, 5, 17, 2066539
List the prime factors of 1579905207.
3, 175545023
What are the prime factors of 424077857?
7, 53, 1143067
What are the prime factors of 81048478?
2, 7, 5789177
What are the prime factors of 127180654?
2, 839, 75793
List the prime factors of 3589675.
5, 139, 1033
List the prime factors of 1569919241.
11, 61, 2339671
List the prime factors of 104474559.
3, 7, 19, 29, 9029
List the prime factors of 72496864.
2, 11, 205957
What are the prime factors of 23080763?
19, 67, 18131
List the prime factors of 1276876359.
3, 11, 4299247
List the prime factors of 9337245.
3, 5, 622483
What are the prime factors of 1559378515?
5, 1259, 247717
List the prime factors of 4246454.
2, 61, 34807
List the prime factors of 2489210284.
2, 11, 419, 135019
What are the prime factors of 270575037?
3, 31, 139, 6977
What are the prime factors of 226734501?
3, 7, 10796881
List the prime factors of 397534014.
2, 3, 7361741
List the prime factors of 349562859.
3, 116520953
List the prime factors of 1224237603.
3, 1093, 373357
List the prime factors of 195735805.
5, 2897, 13513
What are the prime factors of 1063578295?
5, 13, 19, 53, 16249
What are the prime factors of 296968386?
2, 3, 11, 13, 346117
List the prime factors of 75147461.
103, 729587
What are the prime factors of 210067464?
2, 3, 23, 380557
List the prime factors of 98487583.
19, 5183557
List the prime factors of 1342983607.
7, 2377, 80713
List the prime factors of 176771453.
11903, 14851
What are the prime factors of 230158339?
653, 352463
What are the prime factors of 39445711?
61, 293, 2207
List the prime factors of 103448999.
79, 239, 5479
List the prime factors of 63933333.
3, 21311111
List the prime factors of 14967653.
14967653
What are the prime factors of 1738789215?
3, 5, 571, 203011
What are the prime factors of 167327881?
7, 23903983
List the prime factors of 29743584.
2, 3, 13, 23833
What are the prime factors of 151867095?
3, 5, 19, 532867
List the prime factors of 38674312.
2, 53, 1721
List the prime factors of 4325971502.
2, 739, 2926909
What are the prime factors of 8446375?
5, 7, 197
List the prime factors of 268812564.
2, 3, 41, 546367
What are the prime factors of 94852992?
2, 3, 13, 19001
What are the prime factors of 46446899?
46446899
What are the prime factors of 14220653?
17, 836509
List the prime factors of 18532630.
2, 5, 1853263
What are the prime factors of 681509945?
5, 136301989
What are the prime factors of 271217015?
5, 2083, 26041
What are the prime factors of 802614393?
3, 7, 43, 61, 1619
What are the prime factors of 233913852?
2, 3, 37, 58537
What are the prime factors of 57061554?
2, 3, 11, 17, 50857
What are the prime factors of 374682266?
2, 7, 26763019
List the prime factors of 181345003.
7, 131, 197759
What are the prime factors of 13348076?
2, 7, 277, 1721
List the prime factors of 105509219.
47, 1123, 1999
List the prime factors of 43965961.
13, 17, 198941
List the prime factors of 191031327.
3, 43, 493621
List the prime factors of 29042683.
29042683
What are the prime factors of 498081826?
2, 11, 22640083
What are the prime factors of 1408977824?
2, 44030557
List the prime factors of 1187535369.
3, 193, 10627
What are the prime factors of 634348655?
5, 126869731
List the prime factors of 2137591681.
2137591681
What are the prime factors of 2721284699?
7, 1291, 301127
What are the prime factors of 35497896?
2, 3, 7, 211297
List the prime factors of 2828107905.
3, 5, 7, 107, 211, 1193
List the prime factors of 585365475.
3, 5, 7804873
What are the prime factors of 188436936?
2, 3, 241, 32579
What are the prime factors of 34704638?
2, 73, 467, 509
What are the prime factors of 760351898?
2, 10141, 37489
What are the prime factors of 475634231?
139, 449, 7621
List the prime factors of 37662802.
2, 71, 265231
List the prime factors of 64893484.
2, 619, 26209
What are the prime factors of 158713063?
2801, 56663
Wha